 factor of 92 and 10364?
4
Calculate the highest common divisor of 4433 and 1937.
13
What is the greatest common factor of 100098 and 90?
18
What is the highest common factor of 2638 and 3?
1
What is the highest common factor of 5214 and 1221?
33
Calculate the highest common factor of 2214 and 71217.
369
Calculate the greatest common factor of 2519 and 1265.
11
What is the highest common divisor of 2340 and 1415180?
260
Calculate the greatest common factor of 29750 and 142625.
875
Calculate the highest common divisor of 893 and 1813683.
893
Calculate the highest common factor of 56 and 356296.
8
Calculate the highest common factor of 77 and 6028.
11
Calculate the highest common divisor of 571894 and 2690.
538
What is the highest common factor of 670 and 18358?
134
Calculate the greatest common factor of 1184 and 27676.
148
Calculate the highest common divisor of 56 and 823304.
8
Calculate the highest common divisor of 14646 and 4.
2
What is the greatest common divisor of 316 and 2212?
316
Calculate the greatest common divisor of 37298 and 17.
17
Calculate the highest common divisor of 1108647 and 162.
81
Calculate the highest common divisor of 336 and 1936.
16
Calculate the highest common divisor of 496 and 1200.
16
What is the highest common divisor of 1281 and 2317?
7
What is the highest common divisor of 1887 and 295593?
111
What is the highest common factor of 612 and 3264?
204
What is the highest common factor of 5484 and 108?
12
What is the greatest common divisor of 730 and 19400?
10
What is the highest common factor of 551 and 55214?
19
What is the greatest common factor of 17617 and 395?
79
What is the greatest common divisor of 58 and 3712?
58
Calculate the highest common factor of 31 and 159340.
31
What is the greatest common divisor of 69 and 815994?
69
What is the greatest common factor of 133 and 244397?
19
Calculate the highest common divisor of 253014 and 6.
6
What is the highest common factor of 300 and 139320?
60
What is the greatest common divisor of 1760 and 3460?
20
Calculate the greatest common divisor of 115 and 538315.
115
Calculate the highest common divisor of 90 and 536540.
10
What is the greatest common factor of 119120 and 1360?
80
Calculate the greatest common factor of 189 and 27762.
21
Calculate the greatest common factor of 159675 and 75.
75
Calculate the highest common factor of 296809 and 293.
293
Calculate the highest common factor of 844120 and 18858.
898
Calculate the highest common divisor of 16 and 242168.
8
What is the highest common divisor of 47205 and 9?
9
What is the highest common divisor of 1015 and 3430?
35
What is the greatest common divisor of 648945 and 253?
253
What is the highest common factor of 10 and 13200?
10
What is the greatest common divisor of 145 and 5750?
5
What is the highest common factor of 630 and 365?
5
What is the greatest common divisor of 444379 and 13?
13
What is the greatest common divisor of 57972 and 288?
12
What is the highest common divisor of 56004 and 585?
39
What is the greatest common divisor of 57 and 1003903?
19
Calculate the greatest common divisor of 16827 and 17679.
213
Calculate the highest common factor of 260 and 4108.
52
What is the greatest common factor of 5933 and 4886?
349
Calculate the highest common factor of 316 and 234946.
158
Calculate the greatest common divisor of 356 and 292.
4
What is the highest common factor of 7 and 57967?
7
Calculate the greatest common factor of 15543 and 10197.
99
What is the greatest common factor of 1233 and 3151?
137
What is the greatest common divisor of 504 and 25488?
72
What is the highest common factor of 213 and 579?
3
Calculate the greatest common divisor of 149 and 1485083.
149
Calculate the greatest common factor of 222 and 642.
6
What is the highest common factor of 7 and 995799?
7
What is the highest common factor of 7940 and 295?
5
What is the highest common divisor of 216 and 3726?
54
Calculate the greatest common divisor of 74 and 44938.
2
Calculate the greatest common divisor of 21896 and 76958.
322
Calculate the highest common divisor of 176 and 76.
4
Calculate the greatest common divisor of 61649 and 35.
7
Calculate the highest common divisor of 67228 and 6468.
196
What is the highest common factor of 7630 and 8855?
35
What is the highest common factor of 2672 and 327988?
668
What is the greatest common divisor of 465 and 8835?
465
What is the highest common divisor of 20775 and 400?
25
What is the greatest common factor of 6070 and 80?
10
Calculate the highest common divisor of 21888 and 2304.
1152
What is the greatest common factor of 100 and 1475?
25
What is the greatest common divisor of 236984 and 264?
88
Calculate the greatest common factor of 38 and 55537.
19
Calculate the greatest common divisor of 2816 and 1325632.
704
Calculate the greatest common factor of 15257 and 5329.
73
What is the greatest common divisor of 13174 and 476?
14
Calculate the highest common factor of 579 and 395457.
579
Calculate the highest common divisor of 9 and 3163311.
9
What is the greatest common factor of 13468 and 4628?
52
Calculate the greatest common factor of 10628009 and 31.
31
Calculate the highest common factor of 10390 and 80.
10
Calculate the highest common factor of 4653540 and 100.
20
Calculate the highest common divisor of 3842 and 2034.
226
What is the greatest common divisor of 38398 and 511?
73
Calculate the greatest common factor of 69943 and 23.
23
Calculate the highest common factor of 272 and 51748.
68
What is the highest common factor of 2204 and 24928?
76
What is the highest common divisor of 201 and 956023?
67
What is the highest common divisor of 2 and 519328?
2
Calculate the greatest common factor of 25716 and 12.
12
Calculate the highest common factor of 594 and 656073.
297
Calculate the greatest common factor of 17600 and 7744.
704
Calculate the greatest common factor of 351 and 6981.
39
What is the greatest common divisor of 18550 and 8798?
106
Calculate the greatest common divisor of 7420 and 420.
140
Calculate the greatest common divisor of 18576 and 1647.
27
What is the highest common divisor of 252 and 10948?
28
What is the greatest common factor of 177009 and 21?
21
Calculate the highest common divisor of 10125 and 500.
125
Calculate the highest common factor of 2350 and 8725.
25
Calculate the greatest common factor of 3596 and 8618.
62
Calculate the greatest common divisor of 29070 and 35190.
1530
Calculate the greatest common factor of 221 and 2329.
17
Calculate the greatest common divisor of 13725 and 34425.
225
What is the highest common divisor of 59491 and 41?
41
What is the highest common divisor of 31120 and 8720?
80
Calculate the highest common factor of 48 and 25032.
24
Calculate the greatest common divisor of 1805 and 21185.
95
What is the greatest common factor of 443336 and 1835?
367
Calculate the highest common divisor of 25 and 1415585.
5
What is the greatest common divisor of 683445 and 230?
115
Calculate the greatest common factor of 101574 and 14.
2
What is the greatest common factor of 9 and 91782?
9
Calculate the greatest common factor of 552 and 1752.
24
What is the highest common factor of 176 and 7436?
44
Calculate the greatest common factor of 3033 and 167489.
337
Calculate the highest common factor of 396 and 62708.
4
What is the highest common factor of 22470 and 330?
30
Calculate the greatest common divisor of 1947764 and 52.
52
What is the highest common divisor of 28 and 2828980?
28
What is the greatest common factor of 68 and 6926650?
34
Calculate the greatest common factor of 60018 and 126.
42
What is the highest common divisor of 3304 and 3989344?
472
Calculate the greatest common factor of 22516 and 16.
4
What is the highest common factor of 328 and 284212?
164
What is the greatest common divisor of 3377 and 307?
307
Calculate the highest common factor of 17318 and 574.
14
Calculate the highest common factor of 21 and 772296.
21
What is the highest common factor of 90926 and 66?
22
Calculate the highest common divisor of 86 and 303451.
43
Calculate the highest common factor of 456 and 592192.
152
Calculate the greatest common divisor of 315 and 568845.
45
What is the highest common factor of 93190 and 50?
10
Calculate the highest common divisor 